he prime factors of 32787?
3, 3643
What are the prime factors of 51884?
2, 7, 17, 109
What are the prime factors of 20841?
3, 6947
List the prime factors of 1758.
2, 3, 293
What are the prime factors of 30135?
3, 5, 7, 41
What are the prime factors of 8094?
2, 3, 19, 71
What are the prime factors of 4817?
4817
What are the prime factors of 731?
17, 43
What are the prime factors of 33313?
7, 4759
What are the prime factors of 36653?
36653
What are the prime factors of 9557?
19, 503
What are the prime factors of 19256?
2, 29, 83
List the prime factors of 1017.
3, 113
What are the prime factors of 40599?
3, 13, 347
What are the prime factors of 65868?
2, 3, 11, 499
List the prime factors of 2304.
2, 3
List the prime factors of 1726.
2, 863
List the prime factors of 9000.
2, 3, 5
List the prime factors of 17967.
3, 53, 113
What are the prime factors of 8170?
2, 5, 19, 43
List the prime factors of 6430.
2, 5, 643
List the prime factors of 11533.
19, 607
What are the prime factors of 12676?
2, 3169
List the prime factors of 3260.
2, 5, 163
What are the prime factors of 2723?
7, 389
List the prime factors of 2504.
2, 313
What are the prime factors of 926?
2, 463
What are the prime factors of 39383?
39383
What are the prime factors of 27375?
3, 5, 73
What are the prime factors of 370?
2, 5, 37
What are the prime factors of 5126?
2, 11, 233
List the prime factors of 541.
541
What are the prime factors of 246?
2, 3, 41
What are the prime factors of 49572?
2, 3, 17
List the prime factors of 251.
251
List the prime factors of 24.
2, 3
List the prime factors of 20961.
3, 17, 137
What are the prime factors of 6013?
7, 859
What are the prime factors of 11993?
67, 179
What are the prime factors of 17805?
3, 5, 1187
List the prime factors of 44.
2, 11
What are the prime factors of 24325?
5, 7, 139
List the prime factors of 12430.
2, 5, 11, 113
List the prime factors of 81723.
3, 27241
What are the prime factors of 1735?
5, 347
What are the prime factors of 3787?
7, 541
List the prime factors of 29827.
7, 4261
What are the prime factors of 8462?
2, 4231
List the prime factors of 3090.
2, 3, 5, 103
What are the prime factors of 909?
3, 101
List the prime factors of 165.
3, 5, 11
List the prime factors of 4528.
2, 283
List the prime factors of 1790.
2, 5, 179
List the prime factors of 2654.
2, 1327
List the prime factors of 38271.
3, 12757
What are the prime factors of 621?
3, 23
List the prime factors of 40895.
5, 8179
List the prime factors of 15270.
2, 3, 5, 509
What are the prime factors of 55203?
3, 18401
What are the prime factors of 3320?
2, 5, 83
What are the prime factors of 5761?
7, 823
What are the prime factors of 43677?
3, 23, 211
List the prime factors of 11830.
2, 5, 7, 13
What are the prime factors of 15348?
2, 3, 1279
List the prime factors of 4992.
2, 3, 13
List the prime factors of 355.
5, 71
What are the prime factors of 18196?
2, 4549
List the prime factors of 263.
263
List the prime factors of 2878.
2, 1439
List the prime factors of 55601.
7, 13, 47
What are the prime factors of 3291?
3, 1097
What are the prime factors of 16614?
2, 3, 13, 71
List the prime factors of 7711.
11, 701
List the prime factors of 5811.
3, 13, 149
List the prime factors of 8307.
3, 13, 71
What are the prime factors of 15767?
15767
List the prime factors of 16553.
16553
List the prime factors of 18747.
3, 2083
What are the prime factors of 198?
2, 3, 11
List the prime factors of 1156.
2, 17
What are the prime factors of 1754?
2, 877
What are the prime factors of 122259?
3, 83, 491
List the prime factors of 8005.
5, 1601
List the prime factors of 35262.
2, 3, 653
List the prime factors of 50996.
2, 11, 19, 61
What are the prime factors of 788?
2, 197
List the prime factors of 10012.
2, 2503
What are the prime factors of 4706?
2, 13, 181
List the prime factors of 21218.
2, 103
List the prime factors of 5849.
5849
What are the prime factors of 37350?
2, 3, 5, 83
List the prime factors of 9914.
2, 4957
List the prime factors of 4623.
3, 23, 67
List the prime factors of 5723.
59, 97
List the prime factors of 961.
31
What are the prime factors of 131803?
7, 19, 991
List the prime factors of 163.
163
What are the prime factors of 71301?
3, 23767
List the prime factors of 6446.
2, 11, 293
List the prime factors of 7324.
2, 1831
What are the prime factors of 9053?
11, 823
List the prime factors of 224.
2, 7
What are the prime factors of 26879?
26879
List the prime factors of 1781.
13, 137
What are the prime factors of 3335?
5, 23, 29
List the prime factors of 34176.
2, 3, 89
What are the prime factors of 26653?
11, 2423
List the prime factors of 19018.
2, 37, 257
List the prime factors of 2025.
3, 5
What are the prime factors of 1650?
2, 3, 5, 11
What are the prime factors of 692?
2, 173
What are the prime factors of 23286?
2, 3, 3881
What are the prime factors of 35021?
7, 5003
What are the prime factors of 1172?
2, 293
List the prime factors of 61301.
59, 1039
List the prime factors of 11077.
11, 19, 53
List the prime factors of 13833.
3, 29, 53
What are the prime factors of 222?
2, 3, 37
List the prime factors of 23406.
2, 3, 47, 83
What are the prime factors of 157531?
11, 14321
What are the prime factors of 581?
7, 83
List the prime factors of 712.
2, 89
List the prime factors of 5924.
2, 1481
List the prime factors of 83780.
2, 5, 59, 71
What are the prime factors of 2372?
2, 593
What are the prime factors of 2579?
2579
List the prime factors of 4373.
4373
List the prime factors of 1591.
37, 43
What are the prime factors of 20879?
20879
List the prime factors of 48824.
2, 17, 359
What are the prime factors of 19627?
19, 1033
List the prime factors of 1709.
1709
What are the prime factors of 660?
2, 3, 5, 11
What are the prime factors of 1821?
3, 607
List the prime factors of 7622.
2, 37, 103
What are the prime factors of 1143?
3, 127
List the prime factors of 8201.
59, 139
List the prime factors of 4753.
7, 97
List the prime factors of 610.
2, 5, 61
What are the prime factors of 335?
5, 67
List the prime factors of 603.
3, 67
What are the prime factors of 865?
5, 173
What are the prime factors of 4496?
2, 281
List the prime factors of 21629.
43, 503
List the prime factors of 45508.
2, 31, 367
List the prime factors of 3165.
3, 5, 211
What are the prime factors of 1722?
2, 3, 7, 41
List the prime factors of 6087.
3, 2029
What are the prime factors of 936?
2, 3, 13
List the prime factors of 23950.
2, 5, 479
List the prime factors of 84592.
2, 17, 311
What are the prime factors of 275?
5, 11
List the prime factors of 8632.
2, 13, 83
What are the prime factors of 10067?
10067
List the prime factors of 37127.
137, 271
What are the prime factors of 11267?
19, 593
List the prime factors of 183017.
397, 461
What are the prime factors of 488?
2, 61
List the prime factors of 6353.
6353
What are the prime factors of 37376?
2, 73
List the prime factors of 74161.
74161
What are the prime factors of 1372?
2, 7
List the prime factors of 54546.
2, 3, 9091
List the prime factors of 34002.
2, 3, 1889
What are the prime factors of 389?
389
What are the prime factors of 3771?
3, 419
What are the prime factors of 4126?
2, 2063
What are the prime factors of 847?
7, 11
List the prime factors of 176.
2, 11
What are the prime factors of 669?
3, 223
List the prime factors of 24244.
2, 11, 19, 29
What are the prime factors of 2732?
2, 683
List the prime factors of 68113.
68113
List the prime factors of 647.
647
What are the prime factors of 2171?
13, 167
What are the prime factors of 5642?
2, 7, 13, 31
What are the prime factors of 27020?
2, 5, 7, 193
What are the prime factors of 8343?
3, 103
What are the prime factors of 12?
2, 3
List the prime factors of 162180.
2, 3, 5, 17, 53
List the prime factors of 2751.
3, 7, 131
List the prime factors of 27770.
2, 5, 2777
List the prime factors of 22998.
2, 3, 3833
List the prime factors of 1954.
2, 977
What are the prime factors of 41033?
37, 1109
What are the prime factors of 51270?
2, 3, 5, 1709
List the prime factors of 124165.
5, 19, 1307
What are the prime factors of 1774?
2, 887
What are the prime factors of 143403?
3, 13, 3677
What are the prime factors of 755?
5, 151
List the prime factors of 260.
2, 5, 13
List the prime factors of 60786.
